{"id":5348,"date":"2016-11-07T12:14:33","date_gmt":"2016-11-07T11:14:33","guid":{"rendered":"https:\/\/www.ensapc.fr\/en\/2011-2"},"modified":"2020-05-14T10:01:54","modified_gmt":"2020-05-14T08:01:54","slug":"2011-2","status":"publish","type":"page","link":"https:\/\/www.ensapc.fr\/en\/ygrec\/archives\/2011-2\/","title":{"rendered":"2011"},"content":{"rendered":"<div class=\"wpb-content-wrapper\"><p>[vc_row][vc_column width=&#8221;1\/2&#8243;][vc_row_inner][vc_column_inner][vc_column_text]<strong>Studio Romance. Hybrid Object n\u00b03<\/strong><\/p>\n<p>6 October 2011 &#8211; 12 November 2011<br \/>\nExhibition<\/p>\n<p>Opening October 5, 2011[\/vc_column_text][vc_single_image image=&#8221;746&#8243; img_size=&#8221;full&#8221; add_caption=&#8221;yes&#8221; alignment=&#8221;center&#8221;][vc_separator color=&#8221;pink&#8221; border_width=&#8221;5&#8243; el_width=&#8221;90&#8243;][\/vc_column_inner][\/vc_row_inner][\/vc_column][vc_column width=&#8221;1\/2&#8243;][vc_row_inner][vc_column_inner][vc_column_text]<strong>SevenUp<\/strong><\/p>\n<p>1 October 2011<br \/>\nPerformance<\/p>\n<p>Nuit Blanche \/ Frasq Performance Festival[\/vc_column_text][vc_single_image image=&#8221;749&#8243; img_size=&#8221;full&#8221; add_caption=&#8221;yes&#8221; alignment=&#8221;center&#8221;][vc_separator color=&#8221;pink&#8221; border_width=&#8221;5&#8243; el_width=&#8221;90&#8243;][\/vc_column_inner][\/vc_row_inner][\/vc_column][\/vc_row][vc_row][vc_column width=&#8221;1\/2&#8243;][vc_row_inner][vc_column_inner][vc_column_text]<strong>The Fat moments (la p\u00e9dagogie), 5e s\u00e9quence du mini-op\u00e9ra pour non musiciens<\/strong><\/p>\n<p>26 May 2011 &#8211; 9 July 2011<br \/>\nExhibition<\/p>\n<p>Fat moments (an expression generally translated into French as &#8220;remarkable moments&#8221;) are those moments when, in the course of a conversation between several people, a form of knowledge of a strictly collective nature emerges that could not have emerged outside this framework.[\/vc_column_text][vc_single_image image=&#8221;730&#8243; img_size=&#8221;full&#8221; add_caption=&#8221;yes&#8221; alignment=&#8221;center&#8221;][\/vc_column_inner][\/vc_row_inner][vc_row_inner][vc_column_inner][vc_separator color=&#8221;pink&#8221; border_width=&#8221;5&#8243; el_width=&#8221;90&#8243;][vc_column_text]<strong>Die Vitrine<\/strong><\/p>\n<p>16 April 2011<br \/>\nExhibition<\/p>\n<p>Following the week-long workshop of the students of Simone Decker&#8217;s class, artist and professor at the Akademie der Bildenden K\u00fcnste in Nuremberg and those of the ENSAPC, La Vitrine presents all the plastic proposals.[\/vc_column_text][vc_single_image image=&#8221;731&#8243; img_size=&#8221;full&#8221; add_caption=&#8221;yes&#8221; alignment=&#8221;center&#8221;][\/vc_column_inner][\/vc_row_inner][vc_row_inner][vc_column_inner][vc_separator color=&#8221;pink&#8221; border_width=&#8221;5&#8243; el_width=&#8221;90&#8243;][vc_column_text]<span class=\"date-display-start\"><strong>Self Fulfilling Prophecies<\/strong><\/span><\/p>\n<p>27 January 2011 &#8211; 19 March 2011<br \/>\nExhibition<\/p>\n<p>Opening on January 26, 2011[\/vc_column_text][vc_single_image image=&#8221;733&#8243; img_size=&#8221;full&#8221; add_caption=&#8221;yes&#8221; alignment=&#8221;center&#8221;][\/vc_column_inner][\/vc_row_inner][\/vc_column][vc_column width=&#8221;1\/2&#8243;][vc_row_inner][vc_column_inner][vc_column_text]<strong>Projection # 2<\/strong><\/p>\n<p>18 May 2011<br \/>\nExhibition<\/p>\n<p>Projection of the video works of the students of the artist-professor Mich\u00e8le Waquant.<br \/>\nA proposal by Mich\u00e8le Waquant[\/vc_column_text][\/vc_column_inner][\/vc_row_inner][vc_row_inner][vc_column_inner][vc_separator color=&#8221;pink&#8221; border_width=&#8221;5&#8243; el_width=&#8221;90&#8243;][vc_column_text]<strong>La Convention<\/strong><\/p>\n<p>13 May 2011<br \/>\nExhibition<\/p>\n<p>Signature of the partnership between the Soochow University School of Art (Suzhou, China) and the \u00c9cole Nationale Sup\u00e9rieure d&#8217;Arts Paris-Cergy.<\/p>\n<p>A proposal by Claire Roudenko-Bertin and ENSAPC students.[\/vc_column_text][vc_single_image image=&#8221;729&#8243; img_size=&#8221;full&#8221; add_caption=&#8221;yes&#8221; alignment=&#8221;center&#8221;][\/vc_column_inner][\/vc_row_inner][vc_row_inner][vc_column_inner][vc_separator color=&#8221;pink&#8221; border_width=&#8221;5&#8243; el_width=&#8221;90&#8243;][vc_column_text]<strong>Mille Feuillets<\/strong><\/p>\n<p>25 March 2011 &#8211; 2 April 2011<br \/>\nExhibition<\/p>\n<p>For Drawing Now l Le Parcours, La Vitrine acts as a relay for student productions that question the very practice of drawing, inviting, in particular, other disciplines. What La Vitrine thus shows is above all a work of opening to the world and a living commitment.[\/vc_column_text][vc_single_image image=&#8221;732&#8243; img_size=&#8221;full&#8221; add_caption=&#8221;yes&#8221; alignment=&#8221;center&#8221;][\/vc_column_inner][\/vc_row_inner][vc_row_inner][vc_column_inner][vc_separator color=&#8221;pink&#8221; border_width=&#8221;5&#8243; el_width=&#8221;90&#8243;][vc_column_text]<strong>Rocket Engine ou la m\u00e9tamorphose des agr\u00e9gats<\/strong><\/p>\n<p>January 6, 2011 &#8211; January 15, 2011<br \/>\nExhibition<\/p>\n<p>Opening on January 5, 2011<br \/>\n8pm: performance by Emilien Adage[\/vc_column_text][vc_single_image image=&#8221;726&#8243; img_size=&#8221;full&#8221; add_caption=&#8221;yes&#8221; alignment=&#8221;center&#8221;][\/vc_column_inner][\/vc_row_inner][\/vc_column][\/vc_row]<\/p>\n<\/div>","protected":false},"excerpt":{"rendered":"<p>[vc_row][vc_column width=&#8221;1\/2&#8243;][vc_row_inner][vc_column_inner][vc_column_text]Studio Romance. Hybrid Object n\u00b03 6 October 2011 &#8211; 12 November 2011 Exhibition Opening October 5, 2011[\/vc_column_text][vc_single_image image=&#8221;746&#8243; img_size=&#8221;full&#8221; add_caption=&#8221;yes&#8221; alignment=&#8221;center&#8221;][vc_separator color=&#8221;pink&#8221; border_width=&#8221;5&#8243; el_width=&#8221;90&#8243;][\/vc_column_inner][\/vc_row_inner][\/vc_column][vc_column width=&#8221;1\/2&#8243;][vc_row_inner][vc_column_inner][vc_column_text]SevenUp 1 October 2011 Performance Nuit Blanche \/ Frasq Performance Festival[\/vc_column_text][vc_single_image image=&#8221;749&#8243; img_size=&#8221;full&#8221; add_caption=&#8221;yes&#8221; alignment=&#8221;center&#8221;][vc_separator color=&#8221;pink&#8221; border_width=&#8221;5&#8243; el_width=&#8221;90&#8243;][\/vc_column_inner][\/vc_row_inner][\/vc_column][\/vc_row][vc_row][vc_column width=&#8221;1\/2&#8243;][vc_row_inner][vc_column_inner][vc_column_text]The Fat moments (la p\u00e9dagogie), 5e s\u00e9quence du mini-op\u00e9ra pour non musiciens&#8230;  <a class=\"excerpt-read-more\" href=\"https:\/\/www.ensapc.fr\/en\/ygrec\/archives\/2011-2\/\" title=\"Read 2011\">Read more &raquo;<\/a><\/p>\n","protected":false},"author":1,"featured_media":0,"parent":5332,"menu_order":447,"comment_status":"closed","ping_status":"closed","template":"","meta":{"footnotes":""},"class_list":["post-5348","page","type-page","status-publish","hentry"],"_links":{"self":[{"href":"https:\/\/www.ensapc.fr\/en\/wp-json\/wp\/v2\/pages\/5348","targetHints":{"allow":["GET"]}}],"collection":[{"href":"https:\/\/www.ensapc.fr\/en\/wp-json\/wp\/v2\/pages"}],"about":[{"href":"https:\/\/www.ensapc.fr\/en\/wp-json\/wp\/v2\/types\/page"}],"author":[{"embeddable":true,"href":"https:\/\/www.ensapc.fr\/en\/wp-json\/wp\/v2\/users\/1"}],"replies":[{"embeddable":true,"href":"https:\/\/www.ensapc.fr\/en\/wp-json\/wp\/v2\/comments?post=5348"}],"version-history":[{"count":2,"href":"https:\/\/www.ensapc.fr\/en\/wp-json\/wp\/v2\/pages\/5348\/revisions"}],"predecessor-version":[{"id":5350,"href":"https:\/\/www.ensapc.fr\/en\/wp-json\/wp\/v2\/pages\/5348\/revisions\/5350"}],"up":[{"embeddable":true,"href":"https:\/\/www.ensapc.fr\/en\/wp-json\/wp\/v2\/pages\/5332"}],"wp:attachment":[{"href":"https:\/\/www.ensapc.fr\/en\/wp-json\/wp\/v2\/media?parent=5348"}],"curies":[{"name":"wp","href":"https:\/\/api.w.org\/{rel}","templated":true}]}}

<div class="wpb-content-wrapper"><p>[vc_row][vc_column width=&#8221;1/2&#8243;][vc_row_inner][vc_column_inner][vc_column_text]<strong>Studio Romance. Hybrid Object n°3</strong></p>
<p>6 October 2011 &#8211; 12 November 2011<br />
Exhibition</p>
<p>Opening October 5, 2011[/vc_column_text][vc_single_image image=&#8221;746&#8243; img_size=&#8221;full&#8221; add_caption=&#8221;yes&#8221; alignment=&#8221;center&#8221;][vc_separator color=&#8221;pink&#8221; border_width=&#8221;5&#8243; el_width=&#8221;90&#8243;][/vc_column_inner][/vc_row_inner][/vc_column][vc_column width=&#8221;1/2&#8243;][vc_row_inner][vc_column_inner][vc_column_text]<strong>SevenUp</strong></p>
<p>1 October 2011<br />
Performance</p>
<p>Nuit Blanche / Frasq Performance Festival[/vc_column_text][vc_single_image image=&#8221;749&#8243; img_size=&#8221;full&#8221; add_caption=&#8221;yes&#8221; alignment=&#8221;center&#8221;][vc_separator color=&#8221;pink&#8221; border_width=&#8221;5&#8243; el_width=&#8221;90&#8243;][/vc_column_inner][/vc_row_inner][/vc_column][/vc_row][vc_row][vc_column width=&#8221;1/2&#8243;][vc_row_inner][vc_column_inner][vc_column_text]<strong>The Fat moments (la pédagogie), 5e séquence du mini-opéra pour non musiciens</strong></p>
<p>26 May 2011 &#8211; 9 July 2011<br />
Exhibition</p>
<p>Fat moments (an expression generally translated into French as &#8220;remarkable moments&#8221;) are those moments when, in the course of a conversation between several people, a form of knowledge of a strictly collective nature emerges that could not have emerged outside this framework.[/vc_column_text][vc_single_image image=&#8221;730&#8243; img_size=&#8221;full&#8221; add_caption=&#8221;yes&#8221; alignment=&#8221;center&#8221;][/vc_column_inner][/vc_row_inner][vc_row_inner][vc_column_inner][vc_separator color=&#8221;pink&#8221; border_width=&#8221;5&#8243; el_width=&#8221;90&#8243;][vc_column_text]<strong>Die Vitrine</strong></p>
<p>16 April 2011<br />
Exhibition</p>
<p>Following the week-long workshop of the students of Simone Decker&#8217;s class, artist and professor at the Akademie der Bildenden Künste in Nuremberg and those of the ENSAPC, La Vitrine presents all the plastic proposals.[/vc_column_text][vc_single_image image=&#8221;731&#8243; img_size=&#8221;full&#8221; add_caption=&#8221;yes&#8221; alignment=&#8221;center&#8221;][/vc_column_inner][/vc_row_inner][vc_row_inner][vc_column_inner][vc_separator color=&#8221;pink&#8221; border_width=&#8221;5&#8243; el_width=&#8221;90&#8243;][vc_column_text]<span class="date-display-start"><strong>Self Fulfilling Prophecies</strong></span></p>
<p>27 January 2011 &#8211; 19 March 2011<br />
Exhibition</p>
<p>Opening on January 26, 2011[/vc_column_text][vc_single_image image=&#8221;733&#8243; img_size=&#8221;full&#8221; add_caption=&#8221;yes&#8221; alignment=&#8221;center&#8221;][/vc_column_inner][/vc_row_inner][/vc_column][vc_column width=&#8221;1/2&#8243;][vc_row_inner][vc_column_inner][vc_column_text]<strong>Projection # 2</strong></p>
<p>18 May 2011<br />
Exhibition</p>
<p>Projection of the video works of the students of the artist-professor Michèle Waquant.<br />
A proposal by Michèle Waquant[/vc_column_text][/vc_column_inner][/vc_row_inner][vc_row_inner][vc_column_inner][vc_separator color=&#8221;pink&#8221; border_width=&#8221;5&#8243; el_width=&#8221;90&#8243;][vc_column_text]<strong>La Convention</strong></p>
<p>13 May 2011<br />
Exhibition</p>
<p>Signature of the partnership between the Soochow University School of Art (Suzhou, China) and the École Nationale Supérieure d&#8217;Arts Paris-Cergy.</p>
<p>A proposal by Claire Roudenko-Bertin and ENSAPC students.[/vc_column_text][vc_single_image image=&#8221;729&#8243; img_size=&#8221;full&#8221; add_caption=&#8221;yes&#8221; alignment=&#8221;center&#8221;][/vc_column_inner][/vc_row_inner][vc_row_inner][vc_column_inner][vc_separator color=&#8221;pink&#8221; border_width=&#8221;5&#8243; el_width=&#8221;90&#8243;][vc_column_text]<strong>Mille Feuillets</strong></p>
<p>25 March 2011 &#8211; 2 April 2011<br />
Exhibition</p>
<p>For Drawing Now l Le Parcours, La Vitrine acts as a relay for student productions that question the very practice of drawing, inviting, in particular, other disciplines. What La Vitrine thus shows is above all a work of opening to the world and a living commitment.[/vc_column_text][vc_single_image image=&#8221;732&#8243; img_size=&#8221;full&#8221; add_caption=&#8221;yes&#8221; alignment=&#8221;center&#8221;][/vc_column_inner][/vc_row_inner][vc_row_inner][vc_column_inner][vc_separator color=&#8221;pink&#8221; border_width=&#8221;5&#8243; el_width=&#8221;90&#8243;][vc_column_text]<strong>Rocket Engine ou la métamorphose des agrégats</strong></p>
<p>January 6, 2011 &#8211; January 15, 2011<br />
Exhibition</p>
<p>Opening on January 5, 2011<br />
8pm: performance by Emilien Adage[/vc_column_text][vc_single_image image=&#8221;726&#8243; img_size=&#8221;full&#8221; add_caption=&#8221;yes&#8221; alignment=&#8221;center&#8221;][/vc_column_inner][/vc_row_inner][/vc_column][/vc_row]</p>
</div>

<p>[vc_row][vc_column width=&#8221;1/2&#8243;][vc_row_inner][vc_column_inner][vc_column_text]Studio Romance. Hybrid Object n°3 6 October 2011 &#8211; 12 November 2011 Exhibition Opening October 5, 2011[/vc_column_text][vc_single_image image=&#8221;746&#8243; img_size=&#8221;full&#8221; add_caption=&#8221;yes&#8221; alignment=&#8221;center&#8221;][vc_separator color=&#8221;pink&#8221; border_width=&#8221;5&#8243; el_width=&#8221;90&#8243;][/vc_column_inner][/vc_row_inner][/vc_column][vc_column width=&#8221;1/2&#8243;][vc_row_inner][vc_column_inner][vc_column_text]SevenUp 1 October 2011 Performance Nuit Blanche / Frasq Performance Festival[/vc_column_text][vc_single_image image=&#8221;749&#8243; img_size=&#8221;full&#8221; add_caption=&#8221;yes&#8221; alignment=&#8221;center&#8221;][vc_separator color=&#8221;pink&#8221; border_width=&#8221;5&#8243; el_width=&#8221;90&#8243;][/vc_column_inner][/vc_row_inner][/vc_column][/vc_row][vc_row][vc_column width=&#8221;1/2&#8243;][vc_row_inner][vc_column_inner][vc_column_text]The Fat moments (la pédagogie), 5e séquence du mini-opéra pour non musiciens&#8230;  <a class="excerpt-read-more" href="https://www.ensapc.fr/en/ygrec/archives/2011-2/" title="Read 2011">Read more &raquo;</a></p>
