{"id":5433,"date":"2016-10-07T13:11:44","date_gmt":"2016-10-07T11:11:44","guid":{"rendered":"https:\/\/www.ensapc.fr\/en\/jerome-combier"},"modified":"2020-05-18T09:36:13","modified_gmt":"2020-05-18T07:36:13","slug":"jerome-combier","status":"publish","type":"page","link":"https:\/\/www.ensapc.fr\/en\/jerome-combier\/","title":{"rendered":"J\u00c9R\u00d4ME COMBIER"},"content":{"rendered":"<div class=\"wpb-content-wrapper\"><p>[vc_row][vc_column][vc_column_text]Composer and artistic director of the Cairn Ensemble. Graduated from the CNSM of Paris in composition (Emmanuel Nunes), orchestration and musical analysis classes. Master&#8217;s degree &#8211; The principle of variation with Anton Webern &#8211; at the University of Paris 8, Saint-Denis, under the direction of Antoine Bonnet. Resident at the Villa M\u00e9dicis, prize of the Bleustein- Blanchet Foundation, Pierre Cardin prize of the Academy of Fine Arts. J\u00e9r\u00f4me Combier works regularly at IRCAM (St\u00e8les d&#8217;air, Gone). Travels to Japan (Akiyoshidai Iternational Art Village), Kazakhstan and Uzbekistan (Tashkent and Almaty Conservatories). In 2008 he is professor for the composition session of the Abbaye de Royaumont. In 2005, he imagined Vies Silencieuses with the painter Rapha\u00ebl Thierry and in 2008, the installation Noir Gris with the video artist Pierre Nouvel for the exhibition &#8220;Beckett&#8221; at the Centre Georges Pompidou. He writes St\u00e8les d&#8217;air for the Ensemble Intercontemporain and the Festival d&#8217;Automne in Paris. His music is played at the Louvre as part of the cycle &#8220;Le Louvre invite Pierre Boulez&#8221;. In 2011, with Pierre Nouvel and Bertrand Couderc, he adapts for the stage the novel by W.G. Sebald, Austerlitz, created at the Festival d&#8217;Aix-en-Provence. In 2012, he writes the opera Terre et cendres with Atiq Rahimi. Op\u00e9ra de Lille, Op\u00e9ra de Lyon, Orchestre National de France, Orchestre National de Lyon, Ictus, 2e2m, Accroche Note, BBC Orchestra Wales, San Francisco Contemporary Music Players.<\/p>\n<p>J\u00e9r\u00f4me Combier&#8217;s music is published by Lemoine Editions and recorded by the Motus and \u00c6on labels (vies silencieuses &#8211; grand prix de l&#8217;Acad\u00e9mie Charles Cros).<\/p>\n<p>Records :<br \/>\n&#8211; Pays de vent, by the Ensemble Cairn and the Orchestre National de France, Motus label, 2001<br \/>\n&#8211; Vies silencieuses, by the ensemble Cairn, label \u00c6on, 2005[\/vc_column_text][vc_btn title=&#8221;Contact&#8221; link=&#8221;url:mailto%3Ajerome.combier%40ensapc.fr|||&#8221;][vc_btn title=&#8221;Learn more about J\u00e9r\u00f4me Combier &#8221; link=&#8221;url:http%3A%2F%2Fwww.ensemble-cairn.com%2F||target:%20_blank|&#8221;][\/vc_column][\/vc_row]<\/p>\n<\/div>","protected":false},"excerpt":{"rendered":"<p>[vc_row][vc_column][vc_column_text]Composer and artistic director of the Cairn Ensemble. Graduated from the CNSM of Paris in composition (Emmanuel Nunes), orchestration and musical analysis classes. Master&#8217;s degree &#8211; The principle of variation with Anton Webern &#8211; at the University of Paris 8, Saint-Denis, under the direction of Antoine Bonnet. Resident at the Villa M\u00e9dicis, prize of the&#8230;  <a class=\"excerpt-read-more\" href=\"https:\/\/www.ensapc.fr\/en\/jerome-combier\/\" title=\"Read J\u00c9R\u00d4ME COMBIER\">Read more &raquo;<\/a><\/p>\n","protected":false},"author":1,"featured_media":0,"parent":0,"menu_order":218,"comment_status":"closed","ping_status":"closed","template":"","meta":{"footnotes":""},"class_list":["post-5433","page","type-page","status-publish","hentry"],"_links":{"self":[{"href":"https:\/\/www.ensapc.fr\/en\/wp-json\/wp\/v2\/pages\/5433","targetHints":{"allow":["GET"]}}],"collection":[{"href":"https:\/\/www.ensapc.fr\/en\/wp-json\/wp\/v2\/pages"}],"about":[{"href":"https:\/\/www.ensapc.fr\/en\/wp-json\/wp\/v2\/types\/page"}],"author":[{"embeddable":true,"href":"https:\/\/www.ensapc.fr\/en\/wp-json\/wp\/v2\/users\/1"}],"replies":[{"embeddable":true,"href":"https:\/\/www.ensapc.fr\/en\/wp-json\/wp\/v2\/comments?post=5433"}],"version-history":[{"count":1,"href":"https:\/\/www.ensapc.fr\/en\/wp-json\/wp\/v2\/pages\/5433\/revisions"}],"predecessor-version":[{"id":5434,"href":"https:\/\/www.ensapc.fr\/en\/wp-json\/wp\/v2\/pages\/5433\/revisions\/5434"}],"wp:attachment":[{"href":"https:\/\/www.ensapc.fr\/en\/wp-json\/wp\/v2\/media?parent=5433"}],"curies":[{"name":"wp","href":"https:\/\/api.w.org\/{rel}","templated":true}]}}

JÉRÔME COMBIER

<div class="wpb-content-wrapper"><p>[vc_row][vc_column][vc_column_text]Composer and artistic director of the Cairn Ensemble. Graduated from the CNSM of Paris in composition (Emmanuel Nunes), orchestration and musical analysis classes. Master&#8217;s degree &#8211; The principle of variation with Anton Webern &#8211; at the University of Paris 8, Saint-Denis, under the direction of Antoine Bonnet. Resident at the Villa Médicis, prize of the Bleustein- Blanchet Foundation, Pierre Cardin prize of the Academy of Fine Arts. Jérôme Combier works regularly at IRCAM (Stèles d&#8217;air, Gone). Travels to Japan (Akiyoshidai Iternational Art Village), Kazakhstan and Uzbekistan (Tashkent and Almaty Conservatories). In 2008 he is professor for the composition session of the Abbaye de Royaumont. In 2005, he imagined Vies Silencieuses with the painter Raphaël Thierry and in 2008, the installation Noir Gris with the video artist Pierre Nouvel for the exhibition &#8220;Beckett&#8221; at the Centre Georges Pompidou. He writes Stèles d&#8217;air for the Ensemble Intercontemporain and the Festival d&#8217;Automne in Paris. His music is played at the Louvre as part of the cycle &#8220;Le Louvre invite Pierre Boulez&#8221;. In 2011, with Pierre Nouvel and Bertrand Couderc, he adapts for the stage the novel by W.G. Sebald, Austerlitz, created at the Festival d&#8217;Aix-en-Provence. In 2012, he writes the opera Terre et cendres with Atiq Rahimi. Opéra de Lille, Opéra de Lyon, Orchestre National de France, Orchestre National de Lyon, Ictus, 2e2m, Accroche Note, BBC Orchestra Wales, San Francisco Contemporary Music Players.</p>
<p>Jérôme Combier&#8217;s music is published by Lemoine Editions and recorded by the Motus and Æon labels (vies silencieuses &#8211; grand prix de l&#8217;Académie Charles Cros).</p>
<p>Records :<br />
&#8211; Pays de vent, by the Ensemble Cairn and the Orchestre National de France, Motus label, 2001<br />
&#8211; Vies silencieuses, by the ensemble Cairn, label Æon, 2005[/vc_column_text][vc_btn title=&#8221;Contact&#8221; link=&#8221;url:mailto%3Ajerome.combier%40ensapc.fr|||&#8221;][vc_btn title=&#8221;Learn more about Jérôme Combier &#8221; link=&#8221;url:http%3A%2F%2Fwww.ensemble-cairn.com%2F||target:%20_blank|&#8221;][/vc_column][/vc_row]</p>
</div>

<p>[vc_row][vc_column][vc_column_text]Composer and artistic director of the Cairn Ensemble. Graduated from the CNSM of Paris in composition (Emmanuel Nunes), orchestration and musical analysis classes. Master&#8217;s degree &#8211; The principle of variation with Anton Webern &#8211; at the University of Paris 8, Saint-Denis, under the direction of Antoine Bonnet. Resident at the Villa Médicis, prize of the&#8230;  <a class="excerpt-read-more" href="https://www.ensapc.fr/en/jerome-combier/" title="Read JÉRÔME COMBIER">Read more &raquo;</a></p>
