{"id":9155,"date":"2020-05-05T18:28:35","date_gmt":"2020-05-05T16:28:35","guid":{"rendered":"https:\/\/www.ensapc.fr\/2017-2\/"},"modified":"2022-10-27T16:05:05","modified_gmt":"2022-10-27T14:05:05","slug":"2017-2","status":"publish","type":"page","link":"https:\/\/www.ensapc.fr\/en\/research\/publications\/2017-2\/","title":{"rendered":"2017"},"content":{"rendered":"<div class=\"wpb-content-wrapper\"><p>[vc_row gap=&#8221;30&#8243;][vc_column width=&#8221;1\/2&#8243;][vc_row_inner][vc_column_inner][vc_column_text]<strong>CONF\u00c9RENCE \u00c0 L\u2019INSTITUT FRAN\u00c7AIS DU CAMEROUN \u00c0 DOUALA<\/strong><\/p>\n<p><em>Dans le cadre des activit\u00e9s du postmaster \u00ab\u00a0Moving Frontiers\u00a0\u00bb<\/em><br \/>\n<em>Le 5 octobre 2017<\/em><\/p>\n<p>En ouverture de son s\u00e9jour de recherche artistique \u00e0 Douala, Moving Frontiers \u2013 Do and undo \/ Faire et \u00e0 d\u00e9faire organise une conf\u00e9rence \u00e0 l\u2019Institut de fran\u00e7ais, le 5 octobre 2017, \u00e0 partir de 13h.<\/p>\n<p>Les intervenants seront : Henriette Ekwe (journaliste), Herv\u00e9 Yamguen (artiste), Pr. Annette Angoua Nguea (critique de cin\u00e9ma et directeur de l\u2019Institut des beaux-arts de l\u2019Universit\u00e9 de Douala \u00e0 Nkongsamba), Lionel Manga (\u00e9crivain), Christian Etongo (artiste et performeur), Sadrak Pondi (rappeur) ainsi que Duval Fangwa, (mod\u00e9rateur).<\/p>\n<p>Moving Frontiers \u2013 Do and undo \/ Faire et d\u00e9faire est pr\u00e9sent \u00e0 Douala tout le mois d\u2019octobre 2017, en \u00e9troite collaboration avec Herv\u00e9 Yamguen, Herv\u00e9 Youmbi et le Cercle Kapsiki, et en partenariat avec l\u2019Institut des beaux-arts de l\u2019Universit\u00e9 de Douala. \u00c0 l\u2019issue de ce s\u00e9jour, une exposition sera montr\u00e9e \u00e0 doual\u2019art, dans le cadre de la Triennale SUD2017 ; vernissage le 27 octobre.[\/vc_column_text][vc_btn title=&#8221;En savoir plus&#8221; link=&#8221;url:https%3A%2F%2Fmoving-frontiers.ensapc.fr%2F|||&#8221;][\/vc_column_inner][\/vc_row_inner][vc_row_inner][vc_column_inner][vc_column_text]<strong>S\u00c9MINAIRE INTELLIGENCE COLLECTIVE : LA CONSTRUCTION DE NOUVEAUX SAVOIRS<\/strong><\/p>\n<p><em>Villa Kujoyama<br \/>\n14 et 15 avril 2017<\/em><\/p>\n<p>\u00c0 l&#8217;occasion des 25 ans de la Villa Kujoyama, ce s\u00e9minaire &#8211; organis\u00e9 en partenariat avec l\u2019Universit\u00e9 de Kyoto, et la collaboration de l\u2019\u00c9cole nationale sup\u00e9rieure d\u2019art de Paris-Cergy &#8211; propose d\u2019interroger le croisement des pratiques entre arts et sciences dans une perspective de production de nouveaux savoirs.[\/vc_column_text][vc_single_image image=&#8221;5683&#8243; img_size=&#8221;medium&#8221; alignment=&#8221;center&#8221;][vc_btn title=&#8221;En savoir plus&#8221; link=&#8221;url:https%3A%2F%2Fwww.villakujoyama.jp%2Fseminaire-la-construction-des-nouveaux-savoirs%2F||target:%20_blank|&#8221;][\/vc_column_inner][\/vc_row_inner][vc_column_text][\/vc_column_text][vc_column_text][\/vc_column_text][\/vc_column][vc_column width=&#8221;1\/2&#8243;][vc_row_inner][vc_column_inner][vc_column_text]<\/p>\n<p class=\"font_titre titre color\"><strong><span class=\"maj\">COLLOQUE &#8220;ARCHIVES, DISPARITION, RECR\u00c9ATION :\u00a0<\/span>JEU ET REJEU DANS LES ARTS&#8221;<\/strong><\/p>\n<div class=\"line_var\">\n<p><em>Archives nationales, Pierrefitte-sur-Seine, auditorium<\/em><br \/>\n<em>15 et 16 juin 2017<\/em><\/p>\n<\/div>\n<p class=\"font_titre titre color\">R\u00e9unissant artistes plasticiens, chor\u00e9graphes, historiens de l\u2019art, conservateurs de mus\u00e9e et archivistes, ce colloque rassemble les diff\u00e9rents axes de r\u00e9flexion qui ont travers\u00e9 le projet \u00ab\u00a0Replay restitution recr\u00e9ation\u2026 Pour une typologie de la reprise des archives\u00a0\u00bb. Depuis 2015, les Archives nationales, le laboratoire \u00ab\u00a0Arts des images et art contemporain\u00a0\u00bb de l\u2019Universit\u00e9 Paris 8, le CNAP, le CNDC-Angers, et l\u2019ENSAPC se sont commun\u00e9ment engag\u00e9s dans ce programme de recherche.<\/p>\n<p>[\/vc_column_text][vc_btn title=&#8221;Captations vid\u00e9o du colloque&#8221; link=&#8221;url:http%3A%2F%2Freplay.labex-arts-h2h.fr%2Fressources||target:%20_blank|&#8221;][\/vc_column_inner][\/vc_row_inner][vc_row_inner][vc_column_inner][vc_column_text][\/vc_column_text][vc_column_text][\/vc_column_text][\/vc_column_inner][\/vc_row_inner][\/vc_column][\/vc_row][vc_row gap=&#8221;30&#8243;][vc_column width=&#8221;1\/2&#8243;][\/vc_column][vc_column width=&#8221;1\/2&#8243;][vc_row_inner][vc_column_inner][vc_column_text][\/vc_column_text][\/vc_column_inner][\/vc_row_inner][\/vc_column][\/vc_row]<\/p>\n<\/div>","protected":false},"excerpt":{"rendered":"<p>[vc_row gap=&#8221;30&#8243;][vc_column width=&#8221;1\/2&#8243;][vc_row_inner][vc_column_inner][vc_column_text]CONF\u00c9RENCE \u00c0 L\u2019INSTITUT FRAN\u00c7AIS DU CAMEROUN \u00c0 DOUALA Dans le cadre des activit\u00e9s du postmaster \u00ab\u00a0Moving Frontiers\u00a0\u00bb Le 5 octobre 2017 En ouverture de son s\u00e9jour de recherche artistique \u00e0 Douala, Moving Frontiers \u2013 Do and undo \/ Faire et \u00e0 d\u00e9faire organise une conf\u00e9rence \u00e0 l\u2019Institut de fran\u00e7ais, le 5 octobre 2017,&#8230;  <a class=\"excerpt-read-more\" href=\"https:\/\/www.ensapc.fr\/en\/research\/publications\/2017-2\/\" title=\"Read 2017\">Read more &raquo;<\/a><\/p>\n","protected":false},"author":1,"featured_media":0,"parent":1797,"menu_order":261,"comment_status":"closed","ping_status":"closed","template":"","meta":{"footnotes":""},"class_list":["post-9155","page","type-page","status-publish","hentry"],"_links":{"self":[{"href":"https:\/\/www.ensapc.fr\/en\/wp-json\/wp\/v2\/pages\/9155","targetHints":{"allow":["GET"]}}],"collection":[{"href":"https:\/\/www.ensapc.fr\/en\/wp-json\/wp\/v2\/pages"}],"about":[{"href":"https:\/\/www.ensapc.fr\/en\/wp-json\/wp\/v2\/types\/page"}],"author":[{"embeddable":true,"href":"https:\/\/www.ensapc.fr\/en\/wp-json\/wp\/v2\/users\/1"}],"replies":[{"embeddable":true,"href":"https:\/\/www.ensapc.fr\/en\/wp-json\/wp\/v2\/comments?post=9155"}],"version-history":[{"count":3,"href":"https:\/\/www.ensapc.fr\/en\/wp-json\/wp\/v2\/pages\/9155\/revisions"}],"predecessor-version":[{"id":10567,"href":"https:\/\/www.ensapc.fr\/en\/wp-json\/wp\/v2\/pages\/9155\/revisions\/10567"}],"up":[{"embeddable":true,"href":"https:\/\/www.ensapc.fr\/en\/wp-json\/wp\/v2\/pages\/1797"}],"wp:attachment":[{"href":"https:\/\/www.ensapc.fr\/en\/wp-json\/wp\/v2\/media?parent=9155"}],"curies":[{"name":"wp","href":"https:\/\/api.w.org\/{rel}","templated":true}]}}

<div class="wpb-content-wrapper"><p>[vc_row gap=&#8221;30&#8243;][vc_column width=&#8221;1/2&#8243;][vc_row_inner][vc_column_inner][vc_column_text]<strong>CONFÉRENCE À L’INSTITUT FRANÇAIS DU CAMEROUN À DOUALA</strong></p>
<p><em>Dans le cadre des activités du postmaster « Moving Frontiers »</em><br />
<em>Le 5 octobre 2017</em></p>
<p>En ouverture de son séjour de recherche artistique à Douala, Moving Frontiers – Do and undo / Faire et à défaire organise une conférence à l’Institut de français, le 5 octobre 2017, à partir de 13h.</p>
<p>Les intervenants seront : Henriette Ekwe (journaliste), Hervé Yamguen (artiste), Pr. Annette Angoua Nguea (critique de cinéma et directeur de l’Institut des beaux-arts de l’Université de Douala à Nkongsamba), Lionel Manga (écrivain), Christian Etongo (artiste et performeur), Sadrak Pondi (rappeur) ainsi que Duval Fangwa, (modérateur).</p>
<p>Moving Frontiers – Do and undo / Faire et défaire est présent à Douala tout le mois d’octobre 2017, en étroite collaboration avec Hervé Yamguen, Hervé Youmbi et le Cercle Kapsiki, et en partenariat avec l’Institut des beaux-arts de l’Université de Douala. À l’issue de ce séjour, une exposition sera montrée à doual’art, dans le cadre de la Triennale SUD2017 ; vernissage le 27 octobre.[/vc_column_text][vc_btn title=&#8221;En savoir plus&#8221; link=&#8221;url:https%3A%2F%2Fmoving-frontiers.ensapc.fr%2F|||&#8221;][/vc_column_inner][/vc_row_inner][vc_row_inner][vc_column_inner][vc_column_text]<strong>SÉMINAIRE INTELLIGENCE COLLECTIVE : LA CONSTRUCTION DE NOUVEAUX SAVOIRS</strong></p>
<p><em>Villa Kujoyama<br />
14 et 15 avril 2017</em></p>
<p>À l&#8217;occasion des 25 ans de la Villa Kujoyama, ce séminaire &#8211; organisé en partenariat avec l’Université de Kyoto, et la collaboration de l’École nationale supérieure d’art de Paris-Cergy &#8211; propose d’interroger le croisement des pratiques entre arts et sciences dans une perspective de production de nouveaux savoirs.[/vc_column_text][vc_single_image image=&#8221;5683&#8243; img_size=&#8221;medium&#8221; alignment=&#8221;center&#8221;][vc_btn title=&#8221;En savoir plus&#8221; link=&#8221;url:https%3A%2F%2Fwww.villakujoyama.jp%2Fseminaire-la-construction-des-nouveaux-savoirs%2F||target:%20_blank|&#8221;][/vc_column_inner][/vc_row_inner][vc_column_text][/vc_column_text][vc_column_text][/vc_column_text][/vc_column][vc_column width=&#8221;1/2&#8243;][vc_row_inner][vc_column_inner][vc_column_text]</p>
<p class="font_titre titre color"><strong><span class="maj">COLLOQUE &#8220;ARCHIVES, DISPARITION, RECRÉATION : </span>JEU ET REJEU DANS LES ARTS&#8221;</strong></p>
<div class="line_var">
<p><em>Archives nationales, Pierrefitte-sur-Seine, auditorium</em><br />
<em>15 et 16 juin 2017</em></p>
</div>
<p class="font_titre titre color">Réunissant artistes plasticiens, chorégraphes, historiens de l’art, conservateurs de musée et archivistes, ce colloque rassemble les différents axes de réflexion qui ont traversé le projet « Replay restitution recréation… Pour une typologie de la reprise des archives ». Depuis 2015, les Archives nationales, le laboratoire « Arts des images et art contemporain » de l’Université Paris 8, le CNAP, le CNDC-Angers, et l’ENSAPC se sont communément engagés dans ce programme de recherche.</p>
<p>[/vc_column_text][vc_btn title=&#8221;Captations vidéo du colloque&#8221; link=&#8221;url:http%3A%2F%2Freplay.labex-arts-h2h.fr%2Fressources||target:%20_blank|&#8221;][/vc_column_inner][/vc_row_inner][vc_row_inner][vc_column_inner][vc_column_text][/vc_column_text][vc_column_text][/vc_column_text][/vc_column_inner][/vc_row_inner][/vc_column][/vc_row][vc_row gap=&#8221;30&#8243;][vc_column width=&#8221;1/2&#8243;][/vc_column][vc_column width=&#8221;1/2&#8243;][vc_row_inner][vc_column_inner][vc_column_text][/vc_column_text][/vc_column_inner][/vc_row_inner][/vc_column][/vc_row]</p>
</div>

<p>[vc_row gap=&#8221;30&#8243;][vc_column width=&#8221;1/2&#8243;][vc_row_inner][vc_column_inner][vc_column_text]CONFÉRENCE À L’INSTITUT FRANÇAIS DU CAMEROUN À DOUALA Dans le cadre des activités du postmaster « Moving Frontiers » Le 5 octobre 2017 En ouverture de son séjour de recherche artistique à Douala, Moving Frontiers – Do and undo / Faire et à défaire organise une conférence à l’Institut de français, le 5 octobre 2017,&#8230;  <a class="excerpt-read-more" href="https://www.ensapc.fr/en/research/publications/2017-2/" title="Read 2017">Read more &raquo;</a></p>
