{"id":526,"date":"2016-10-07T12:45:20","date_gmt":"2016-10-07T10:45:20","guid":{"rendered":"https:\/\/www.ensapc.fr\/fr\/?page_id=526"},"modified":"2020-03-13T17:06:13","modified_gmt":"2020-03-13T16:06:13","slug":"renaud-auguste-dormeuil","status":"publish","type":"page","link":"https:\/\/www.ensapc.fr\/fr\/renaud-auguste-dormeuil\/","title":{"rendered":"Renaud Auguste-Dormeuil"},"content":{"rendered":"<div class=\"wpb-content-wrapper\"><p>[vc_row][vc_column][vc_column_text]<\/p>\n<p style=\"text-align: justify;\">N\u00e9 en 1968, Renaud Auguste-Dormeuil est un artiste aux aguets. Depuis le milieu des ann\u00e9es 1990, il travaille au d\u00e9voilement des structures invisibles qui informent notre relation \u00e0 un r\u00e9el toujours d\u00e9j\u00e0 m\u00e9diatis\u00e9. Sans rel\u00e2che, il questionne la fabrique de l&rsquo;image envisag\u00e9e dans son espace politique. Visibilit\u00e9\/invisibilit\u00e9, luminosit\u00e9\/obscurit\u00e9, m\u00e9moire\/oubli, ce que l&rsquo;on sait\/ce que l&rsquo;on croit savoir, \u00e9voquer sans montrer, dire sans narrer&#8230; sont autant de balises pour appr\u00e9hender ces oeuvres qui mettent en forme les codes organisant le flux des images\u00a0\u00bb<\/p>\n<p style=\"text-align: justify;\">Texte d&rsquo;introduction de\u00a0Frank Lamy pour son exposition personnelle \u00ab\u00a0INCLUDE ME OUT\u00a0\u00bb au MACVAL (2013-2014)<\/p>\n<p style=\"text-align: justify;\">Renaud Auguste-Dormeuil est Laur\u00e9at du Prix Meurice pour l&rsquo;art contemporain (2010) ainsi qu&rsquo;ancien pensionnaire de la Villa M\u00e9dicis (2010).Il participe \u00e0 de nombreuses expositions institutionnelles et mus\u00e9ales en France et \u00e0 l\u2019\u00e9tranger (Palais de Tokyo, Fondation Ricard, MACVAL,\u00a0Fondation\u00a0Caixa,\u00a0Generali Foundation,\u00a0Swiss Institut de NY\u2026)<\/p>\n<p>[\/vc_column_text][vc_btn title=\u00a0\u00bbContact\u00a0\u00bb link=\u00a0\u00bburl:mailto%3Arenaud.auguste-dormeuil%40ensapc.fr|||\u00a0\u00bb][vc_btn title=\u00a0\u00bbEn savoir plus\u00a0\u00bb link=\u00a0\u00bburl:http%3A%2F%2Fwww.insituparis.fr%2Ffr%2Fartistes%2Fpresentation%2F283%2Fauguste-dormeuil-renaud||target:%20_blank|\u00a0\u00bb][\/vc_column][\/vc_row]<\/p>\n<\/div>","protected":false},"excerpt":{"rendered":"<p>[vc_row][vc_column][vc_column_text] N\u00e9 en 1968, Renaud Auguste-Dormeuil est un artiste aux aguets. Depuis le milieu des ann\u00e9es 1990, il travaille au d\u00e9voilement des structures invisibles qui informent notre relation \u00e0 un r\u00e9el toujours d\u00e9j\u00e0 m\u00e9diatis\u00e9. Sans rel\u00e2che, il questionne la fabrique de l&rsquo;image envisag\u00e9e dans son espace politique. Visibilit\u00e9\/invisibilit\u00e9, luminosit\u00e9\/obscurit\u00e9, m\u00e9moire\/oubli, ce que l&rsquo;on sait\/ce que&#8230;  <a class=\"excerpt-read-more\" href=\"https:\/\/www.ensapc.fr\/fr\/renaud-auguste-dormeuil\/\" title=\"Read Renaud Auguste-Dormeuil\">Lire la suite &raquo;<\/a><\/p>\n","protected":false},"author":1,"featured_media":0,"parent":0,"menu_order":326,"comment_status":"closed","ping_status":"closed","template":"","meta":{"footnotes":""},"class_list":["post-526","page","type-page","status-publish","hentry"],"_links":{"self":[{"href":"https:\/\/www.ensapc.fr\/fr\/wp-json\/wp\/v2\/pages\/526","targetHints":{"allow":["GET"]}}],"collection":[{"href":"https:\/\/www.ensapc.fr\/fr\/wp-json\/wp\/v2\/pages"}],"about":[{"href":"https:\/\/www.ensapc.fr\/fr\/wp-json\/wp\/v2\/types\/page"}],"author":[{"embeddable":true,"href":"https:\/\/www.ensapc.fr\/fr\/wp-json\/wp\/v2\/users\/1"}],"replies":[{"embeddable":true,"href":"https:\/\/www.ensapc.fr\/fr\/wp-json\/wp\/v2\/comments?post=526"}],"version-history":[{"count":3,"href":"https:\/\/www.ensapc.fr\/fr\/wp-json\/wp\/v2\/pages\/526\/revisions"}],"predecessor-version":[{"id":4830,"href":"https:\/\/www.ensapc.fr\/fr\/wp-json\/wp\/v2\/pages\/526\/revisions\/4830"}],"wp:attachment":[{"href":"https:\/\/www.ensapc.fr\/fr\/wp-json\/wp\/v2\/media?parent=526"}],"curies":[{"name":"wp","href":"https:\/\/api.w.org\/{rel}","templated":true}]}}

<div class="wpb-content-wrapper"><p>[vc_row][vc_column][vc_column_text]</p>
<p style="text-align: justify;">Né en 1968, Renaud Auguste-Dormeuil est un artiste aux aguets. Depuis le milieu des années 1990, il travaille au dévoilement des structures invisibles qui informent notre relation à un réel toujours déjà médiatisé. Sans relâche, il questionne la fabrique de l&rsquo;image envisagée dans son espace politique. Visibilité/invisibilité, luminosité/obscurité, mémoire/oubli, ce que l&rsquo;on sait/ce que l&rsquo;on croit savoir, évoquer sans montrer, dire sans narrer&#8230; sont autant de balises pour appréhender ces oeuvres qui mettent en forme les codes organisant le flux des images »</p>
<p style="text-align: justify;">Texte d&rsquo;introduction de Frank Lamy pour son exposition personnelle « INCLUDE ME OUT » au MACVAL (2013-2014)</p>
<p style="text-align: justify;">Renaud Auguste-Dormeuil est Lauréat du Prix Meurice pour l&rsquo;art contemporain (2010) ainsi qu&rsquo;ancien pensionnaire de la Villa Médicis (2010).Il participe à de nombreuses expositions institutionnelles et muséales en France et à l’étranger (Palais de Tokyo, Fondation Ricard, MACVAL, Fondation Caixa, Generali Foundation, Swiss Institut de NY…)</p>
<p>[/vc_column_text][vc_btn title= »Contact » link= »url:mailto%3Arenaud.auguste-dormeuil%40ensapc.fr||| »][vc_btn title= »En savoir plus » link= »url:http%3A%2F%2Fwww.insituparis.fr%2Ffr%2Fartistes%2Fpresentation%2F283%2Fauguste-dormeuil-renaud||target:%20_blank| »][/vc_column][/vc_row]</p>
</div>

<p>[vc_row][vc_column][vc_column_text] Né en 1968, Renaud Auguste-Dormeuil est un artiste aux aguets. Depuis le milieu des années 1990, il travaille au dévoilement des structures invisibles qui informent notre relation à un réel toujours déjà médiatisé. Sans relâche, il questionne la fabrique de l&rsquo;image envisagée dans son espace politique. Visibilité/invisibilité, luminosité/obscurité, mémoire/oubli, ce que l&rsquo;on sait/ce que&#8230;  <a class="excerpt-read-more" href="https://www.ensapc.fr/fr/renaud-auguste-dormeuil/" title="Read Renaud Auguste-Dormeuil">Lire la suite &raquo;</a></p>
