{"id":6265,"date":"2020-09-22T12:28:47","date_gmt":"2020-09-22T10:28:47","guid":{"rendered":"https:\/\/www.ensapc.fr\/?page_id=6265"},"modified":"2020-09-22T12:28:47","modified_gmt":"2020-09-22T10:28:47","slug":"alejandra-riera","status":"publish","type":"page","link":"https:\/\/www.ensapc.fr\/fr\/alejandra-riera\/","title":{"rendered":"ALEJANDRA RIERA"},"content":{"rendered":"<p class=\"p1\">Enseignante chercheuse r\u00e9sidant en France depuis 1989, Alejandra Riera\u00a0a enseign\u00e9 11 ans le cin\u00e9ma et les pratiques documentaires \u00e0 l\u2019ENSA Bourges avant de rejoindre l&rsquo;ENSAPC.\u00a0Ses tentatives et recherches convoquent images et \u00e9crits,\u00a0<i>films-documents<\/i>\u00a0et dessins, impulsant la r\u00e9alisation d\u2019une po\u00e9tique de gestes situ\u00e9s. \u00ab Entre les champs\u00a0\u00bb, ces gestes convoquent des savoirs divers questionnant nos fa\u00e7ons de lire l&rsquo;histoire et la g\u00e9ographie. Attentive \u00e0 la capacit\u00e9 des arts plastiques de convoquer les sens et passionn\u00e9e par le monde\u00a0<i>muet-parlant\u00a0<\/i>de l\u2019<i>\u00e9criture v\u00e9g\u00e9tale\u00a0<\/i>et des mondes qu&rsquo;ils ouvrent, elle accompagne ses tentatives depuis 2014, par une pens\u00e9e et un\u00a0<i>faire avec\u00a0<\/i>les lieux, le milieu, qui cheminent dans une perspective moins autocentr\u00e9e que dans les seules cr\u00e9ations et activit\u00e9s humaines.<\/p>\n<p class=\"p1\">Son travail a fait l&rsquo;objet de nombreuses pr\u00e9sentations (Documenta11 en 2002, exposition r\u00e9trospective \u00e0 la Fondation Antoni T\u00e0pies \u00e0 Barcelone en 2004-2005, Documenta12 en 2007), ainsi qu&rsquo;en dehors des espaces sp\u00e9cifiquement consacr\u00e9s \u00e0 la diffusion de la production artistique. Elle pr\u00e9pare\u00a0depuis 2017\u00a0\u00ab\u00a0Jardin de las Mixturas\u00a0\u00bb au Mus\u00e9e Reina Sofia.<\/p>\n<p class=\"p1\">Ses tentatives ont le plus souvent encourag\u00e9 la pens\u00e9e, les gestes et les \u00e9critures collectives. Entre autres, elle a initi\u00e9 et port\u00e9 collectivement et p\u00e9dagogiquement avec des \u00e9tudiant\u00b7e\u00b7s et enseignant\u00b7e\u00b7s depuis 2016 la transformation de la cour d\u2019honneur de l\u2019\u00e9cole d\u2019art de Bourges \u00ad\u2014parking pendant plus de 40 ans\u2014, en cour-jardin et celle de la cour arri\u00e8re, en lieu de consid\u00e9ration, d&rsquo;\u00e9tude et d&rsquo;\u00e9gard pour la diversit\u00e9 v\u00e9g\u00e9tale spontan\u00e9e.<\/p>\n","protected":false},"excerpt":{"rendered":"<p>Enseignante chercheuse r\u00e9sidant en France depuis 1989, Alejandra Riera\u00a0a enseign\u00e9 11 ans le cin\u00e9ma et les pratiques documentaires \u00e0 l\u2019ENSA Bourges avant de rejoindre l&rsquo;ENSAPC.\u00a0Ses tentatives et recherches convoquent images et \u00e9crits,\u00a0films-documents\u00a0et dessins, impulsant la r\u00e9alisation d\u2019une po\u00e9tique de gestes situ\u00e9s. \u00ab Entre les champs\u00a0\u00bb, ces gestes convoquent des savoirs divers questionnant nos fa\u00e7ons de&#8230;  <a class=\"excerpt-read-more\" href=\"https:\/\/www.ensapc.fr\/fr\/alejandra-riera\/\" title=\"Read ALEJANDRA RIERA\">Lire la suite &raquo;<\/a><\/p>\n","protected":false},"author":1,"featured_media":0,"parent":0,"menu_order":89,"comment_status":"closed","ping_status":"closed","template":"","meta":{"footnotes":""},"class_list":["post-6265","page","type-page","status-publish","hentry"],"_links":{"self":[{"href":"https:\/\/www.ensapc.fr\/fr\/wp-json\/wp\/v2\/pages\/6265","targetHints":{"allow":["GET"]}}],"collection":[{"href":"https:\/\/www.ensapc.fr\/fr\/wp-json\/wp\/v2\/pages"}],"about":[{"href":"https:\/\/www.ensapc.fr\/fr\/wp-json\/wp\/v2\/types\/page"}],"author":[{"embeddable":true,"href":"https:\/\/www.ensapc.fr\/fr\/wp-json\/wp\/v2\/users\/1"}],"replies":[{"embeddable":true,"href":"https:\/\/www.ensapc.fr\/fr\/wp-json\/wp\/v2\/comments?post=6265"}],"version-history":[{"count":3,"href":"https:\/\/www.ensapc.fr\/fr\/wp-json\/wp\/v2\/pages\/6265\/revisions"}],"predecessor-version":[{"id":6280,"href":"https:\/\/www.ensapc.fr\/fr\/wp-json\/wp\/v2\/pages\/6265\/revisions\/6280"}],"wp:attachment":[{"href":"https:\/\/www.ensapc.fr\/fr\/wp-json\/wp\/v2\/media?parent=6265"}],"curies":[{"name":"wp","href":"https:\/\/api.w.org\/{rel}","templated":true}]}}

<p class="p1">Enseignante chercheuse résidant en France depuis 1989, Alejandra Riera a enseigné 11 ans le cinéma et les pratiques documentaires à l’ENSA Bourges avant de rejoindre l&rsquo;ENSAPC. Ses tentatives et recherches convoquent images et écrits, <i>films-documents</i> et dessins, impulsant la réalisation d’une poétique de gestes situés. « Entre les champs », ces gestes convoquent des savoirs divers questionnant nos façons de lire l&rsquo;histoire et la géographie. Attentive à la capacité des arts plastiques de convoquer les sens et passionnée par le monde <i>muet-parlant </i>de l’<i>écriture végétale </i>et des mondes qu&rsquo;ils ouvrent, elle accompagne ses tentatives depuis 2014, par une pensée et un <i>faire avec </i>les lieux, le milieu, qui cheminent dans une perspective moins autocentrée que dans les seules créations et activités humaines.</p>
<p class="p1">Son travail a fait l&rsquo;objet de nombreuses présentations (Documenta11 en 2002, exposition rétrospective à la Fondation Antoni Tàpies à Barcelone en 2004-2005, Documenta12 en 2007), ainsi qu&rsquo;en dehors des espaces spécifiquement consacrés à la diffusion de la production artistique. Elle prépare depuis 2017 « Jardin de las Mixturas » au Musée Reina Sofia.</p>
<p class="p1">Ses tentatives ont le plus souvent encouragé la pensée, les gestes et les écritures collectives. Entre autres, elle a initié et porté collectivement et pédagogiquement avec des étudiant·e·s et enseignant·e·s depuis 2016 la transformation de la cour d’honneur de l’école d’art de Bourges ­—parking pendant plus de 40 ans—, en cour-jardin et celle de la cour arrière, en lieu de considération, d&rsquo;étude et d&rsquo;égard pour la diversité végétale spontanée.</p>

<p>Enseignante chercheuse résidant en France depuis 1989, Alejandra Riera a enseigné 11 ans le cinéma et les pratiques documentaires à l’ENSA Bourges avant de rejoindre l&rsquo;ENSAPC. Ses tentatives et recherches convoquent images et écrits, films-documents et dessins, impulsant la réalisation d’une poétique de gestes situés. « Entre les champs », ces gestes convoquent des savoirs divers questionnant nos façons de&#8230;  <a class="excerpt-read-more" href="https://www.ensapc.fr/fr/alejandra-riera/" title="Read ALEJANDRA RIERA">Lire la suite &raquo;</a></p>
